git of 243379114?
9
What is the tens digit of 324535776?
7
What is the billions digit of 5396254635?
5
What is the ten millions digit of 3003721979?
0
What is the thousands digit of 37740042?
0
What is the hundreds digit of 129983065?
0
What is the hundreds digit of 47048272?
2
What is the hundreds digit of 69379423?
4
What is the hundreds digit of 664280229?
2
What is the ten thousands digit of 7796528437?
2
What is the tens digit of 7144900?
0
What is the ten millions digit of 131087392?
3
What is the hundreds digit of 48598238?
2
What is the hundred thousands digit of 803321918?
3
What is the units digit of 23572910?
0
What is the hundred thousands digit of 2448548055?
5
What is the ten thousands digit of 332214562?
1
What is the ten millions digit of 161015619?
6
What is the thousands digit of 1797731777?
1
What is the hundred thousands digit of 52243702?
2
What is the units digit of 1980207?
7
What is the billions digit of 2514709002?
2
What is the hundreds digit of 707449?
4
What is the ten thousands digit of 261004965?
0
What is the millions digit of 1993259074?
3
What is the hundreds digit of 418685996?
9
What is the ten thousands digit of 1811646342?
4
What is the tens digit of 4998294101?
0
What is the thousands digit of 114375688?
5
What is the ten millions digit of 896903786?
9
What is the billions digit of 2073852389?
2
What is the units digit of 468002274?
4
What is the ten thousands digit of 527108269?
0
What is the thousands digit of 17485768?
5
What is the thousands digit of 23039573?
9
What is the hundreds digit of 882089390?
3
What is the units digit of 129231197?
7
What is the hundred millions digit of 225549893?
2
What is the millions digit of 60044523?
0
What is the thousands digit of 273245127?
5
What is the hundreds digit of 212329783?
7
What is the hundred thousands digit of 58196616?
1
What is the hundred thousands digit of 1216318?
2
What is the units digit of 76965095?
5
What is the hundreds digit of 21752181?
1
What is the hundreds digit of 981437142?
1
What is the units digit of 298649598?
8
What is the hundred thousands digit of 1227870781?
8
What is the hundred thousands digit of 2700256711?
2
What is the millions digit of 34226432?
4
What is the ten thousands digit of 332098188?
9
What is the millions digit of 96723156?
6
What is the ten thousands digit of 24401645?
0
What is the hundreds digit of 195670384?
3
What is the thousands digit of 224022926?
2
What is the hundred thousands digit of 63453536?
4
What is the hundreds digit of 94384777?
7
What is the thousands digit of 19798095?
8
What is the hundred thousands digit of 3439909094?
9
What is the hundred thousands digit of 63203082?
2
What is the hundred thousands digit of 72024889?
0
What is the billions digit of 3140251909?
3
What is the hundred millions digit of 1061705010?
0
What is the thousands digit of 409009572?
9
What is the units digit of 56346720?
0
What is the units digit of 1693949602?
2
What is the ten thousands digit of 1160235429?
3
What is the tens digit of 987771981?
8
What is the ten thousands digit of 156545402?
4
What is the units digit of 194013050?
0
What is the tens digit of 134774647?
4
What is the millions digit of 1367717258?
7
What is the hundred thousands digit of 46373315?
3
What is the thousands digit of 14651203?
1
What is the hundreds digit of 166813874?
8
What is the tens digit of 1768210868?
6
What is the ten thousands digit of 47596805?
9
What is the billions digit of 2559582432?
2
What is the hundred thousands digit of 452446917?
4
What is the units digit of 908847597?
7
What is the hundred thousands digit of 151891342?
8
What is the tens digit of 2109296457?
5
What is the units digit of 6501947962?
2
What is the tens digit of 142555788?
8
What is the thousands digit of 190402194?
2
What is the ten thousands digit of 124667743?
6
What is the hundreds digit of 51709918?
9
What is the hundred millions digit of 226652576?
2
What is the hundred millions digit of 4208620953?
2
What is the hundreds digit of 12757395?
3
What is the units digit of 1040358118?
8
What is the hundreds digit of 36665818?
8
What is the billions digit of 2279705390?
2
What is the units digit of 499454370?
0
What is the ten thousands digit of 63203919?
0
What is the millions digit of 26175868?
6
What is the units digit of 455572902?
2
What is the hundreds digit of 222615402?
4
What is the hundred millions digit of 3845480996?
8
What is the millions digit of 126517554?
6
What is the ten millions digit of 42495426?
4
What is the tens digit of 5096876996?
9
What is the ten millions digit of 2327155148?
2
What is the units digit of 31692014?
4
What is the units digit of 14149164?
4
What is the thousands digit of 260548181?
8
What is the millions digit of 56102184?
6
What is the hundred thousands digit of 669309406?
3
What is the tens digit of 15698380?
8
What is the hundred millions digit of 882711385?
8
What is the hundred thousands digit of 114590109?
5
What is the millions digit of 141776796?
1
What is the thousands digit of 509946717?
6
What is the millions digit of 592351884?
2
What is the tens digit of 8762142?
4
What is the thousands digit of 710922?
0
What is the thousands digit of 344715180?
5
What is the hundreds digit of 71571241?
2
What is the hundred millions digit of 100457833?
1
What is the units digit of 25450281?
1
What is the hundreds digit of 98121725?
7
What is the thousands digit of 49877367?
7
What is the thousands digit of 40406551?
6
What is the ten millions digit of 457253201?
5
What is the millions digit of 87548940?
7
What is the units digit of 277379520?
0
What is the ten millions digit of 94914102?
9
What is the hundred thousands digit of 19937374?
9
What is the millions digit of 122029530?
2
What is the units digit of 697086864?
4
What is the thousands digit of 1260300202?
0
What is the hundreds digit of 222517540?
5
What is the ten thousands digit of 1002709456?
0
What is the hundreds digit of 643155664?
6
What is the thousands digit of 391415350?
5
What is the thousands digit of 39370660?
0
What is the tens digit of 58118592?
9
What is the hundreds digit of 39232194?
1
What is the ten thousands digit of 235423906?
2
What is the thousands digit of 5653042064?
2
What is the millions digit of 16194061?
6
What is the units digit of 414106575?
5
What is the hundred millions digit of 1503504743?
5
What is the units digit of 3836423138?
8
What is the ten millions digit of 286992320?
8
What is the thousands digit of 1106170005?
0
What is the hundred thousands digit of 1976832596?
8
What is the ten thousands digit of 140110422?
1
What is the ten thousands digit of 86580469?
8
What is the hundreds digit of 510670963?
9
What is the hundreds digit of 26691865?
8
What is the hundred thousands digit of 434004837?
0
What is the ten millions digit of 867417212?
6
What is the thousands digit of 3864289027?
9
What is the hundred thousands digit of 28582229?
5
What is the units digit of 912541105?
5
What is the hundreds digit of 308013006?
0
What is the ten millions digit of 719545710?
1
What is the hundreds digit of 72444807?
8
What is the hundred thousands digit of 162895269?
8
What is the units digit of 1007823556?
6
What is the millions digit of 198951584?
8
What is the millions digit of 572198635?
2
What is the hundred millions digit of 253913608?
2
What is the ten millions digit of 16318500?
1
What is the hundreds digit of 419044615?
6
What is the ten thousands digit of 28300584?
0
What is the units digit of 20483059?
9
What is the ten millions digit of 1074127110?
7
What is the thousands digit of 54662707?
2
What is the units digit of 130947467?
7
What is the ten thousands digit of 97225040?
2
What is the units digit of 122282516?
6
What is the hundred millions digit of 182654490?
1
What is the hundreds digit of 122902861?
8
What is the thousands digit of 1299098782?
8
What is the ten thousands digit of 2746342704?
4
What is the hundreds digit of 5901327700?
7
What is the units digit of 53774670?
0
What is the units digit of 420774710?
0
What is the ten thousands digit of 38544388?
4
What is the ten millions digit of 1090523813?
9
What is the ten thousands digit of 1633878425?
7
What is the thousands digit of 40725211?
5
What is th